ime factors of 559.
13, 43
List the prime factors of 34528.
2, 13, 83
What are the prime factors of 86608?
2, 5413
List the prime factors of 1399.
1399
List the prime factors of 41094.
2, 3, 761
What are the prime factors of 7214?
2, 3607
List the prime factors of 31964.
2, 61, 131
List the prime factors of 5247.
3, 11, 53
List the prime factors of 388.
2, 97
List the prime factors of 81.
3
List the prime factors of 2122.
2, 1061
List the prime factors of 18853.
17, 1109
What are the prime factors of 49548?
2, 3, 4129
What are the prime factors of 12542?
2, 6271
What are the prime factors of 28610?
2, 5, 2861
What are the prime factors of 3115?
5, 7, 89
What are the prime factors of 1869?
3, 7, 89
What are the prime factors of 21512?
2, 2689
List the prime factors of 2737.
7, 17, 23
List the prime factors of 2368.
2, 37
List the prime factors of 15707.
113, 139
List the prime factors of 14524.
2, 3631
What are the prime factors of 5819?
11, 23
List the prime factors of 1025.
5, 41
What are the prime factors of 7728?
2, 3, 7, 23
What are the prime factors of 25690?
2, 5, 7, 367
List the prime factors of 158.
2, 79
List the prime factors of 5343.
3, 13, 137
What are the prime factors of 1097?
1097
What are the prime factors of 7430?
2, 5, 743
List the prime factors of 23643.
3, 37, 71
List the prime factors of 8564.
2, 2141
List the prime factors of 13505.
5, 37, 73
What are the prime factors of 9386?
2, 13, 19
List the prime factors of 3213.
3, 7, 17
List the prime factors of 937.
937
What are the prime factors of 6806?
2, 41, 83
List the prime factors of 14532.
2, 3, 7, 173
What are the prime factors of 13639?
23, 593
List the prime factors of 9260.
2, 5, 463
List the prime factors of 1170.
2, 3, 5, 13
List the prime factors of 42086.
2, 11, 1913
List the prime factors of 10148.
2, 43, 59
What are the prime factors of 6407?
43, 149
List the prime factors of 12441.
3, 11, 13, 29
List the prime factors of 22847.
11, 31, 67
What are the prime factors of 75166?
2, 7, 13, 59
List the prime factors of 8608.
2, 269
List the prime factors of 117.
3, 13
What are the prime factors of 2279?
43, 53
List the prime factors of 7720.
2, 5, 193
What are the prime factors of 1617?
3, 7, 11
What are the prime factors of 168?
2, 3, 7
List the prime factors of 59519.
53, 1123
List the prime factors of 16347.
3, 5449
What are the prime factors of 36996?
2, 3, 3083
What are the prime factors of 88337?
88337
List the prime factors of 18665.
5, 3733
List the prime factors of 60503.
17, 3559
What are the prime factors of 10200?
2, 3, 5, 17
What are the prime factors of 63254?
2, 31627
List the prime factors of 398.
2, 199
List the prime factors of 1823.
1823
What are the prime factors of 849?
3, 283
What are the prime factors of 1311?
3, 19, 23
What are the prime factors of 1735?
5, 347
What are the prime factors of 1753?
1753
What are the prime factors of 53696?
2, 839
List the prime factors of 4237.
19, 223
What are the prime factors of 59830?
2, 5, 31, 193
What are the prime factors of 5362?
2, 7, 383
What are the prime factors of 2644?
2, 661
List the prime factors of 6141.
3, 23, 89
List the prime factors of 974.
2, 487
List the prime factors of 5843.
5843
List the prime factors of 653.
653
List the prime factors of 16710.
2, 3, 5, 557
List the prime factors of 67668.
2, 3, 5639
List the prime factors of 304.
2, 19
List the prime factors of 144236.
2, 107, 337
List the prime factors of 107302.
2, 13, 4127
What are the prime factors of 70593?
3, 23531
List the prime factors of 50472.
2, 3, 701
What are the prime factors of 37?
37
What are the prime factors of 10950?
2, 3, 5, 73
List the prime factors of 9691.
11, 881
What are the prime factors of 4653?
3, 11, 47
What are the prime factors of 957?
3, 11, 29
List the prime factors of 25634.
2, 7, 1831
What are the prime factors of 12326?
2, 6163
List the prime factors of 228.
2, 3, 19
List the prime factors of 6455.
5, 1291
What are the prime factors of 493?
17, 29
What are the prime factors of 1071?
3, 7, 17
What are the prime factors of 123?
3, 41
What are the prime factors of 26927?
26927
List the prime factors of 4398.
2, 3, 733
List the prime factors of 1172.
2, 293
What are the prime factors of 8336?
2, 521
List the prime factors of 72576.
2, 3, 7
What are the prime factors of 1857?
3, 619
List the prime factors of 1943.
29, 67
List the prime factors of 378.
2, 3, 7
What are the prime factors of 5809?
37, 157
List the prime factors of 5043.
3, 41
List the prime factors of 1972.
2, 17, 29
List the prime factors of 62855.
5, 13, 967
What are the prime factors of 12333?
3, 4111
List the prime factors of 146223.
3, 7, 11, 211
What are the prime factors of 9228?
2, 3, 769
What are the prime factors of 14102?
2, 11, 641
List the prime factors of 85503.
3, 11, 2591
List the prime factors of 3360.
2, 3, 5, 7
List the prime factors of 10.
2, 5
List the prime factors of 74905.
5, 71, 211
What are the prime factors of 19531?
19531
What are the prime factors of 2015?
5, 13, 31
What are the prime factors of 49214?
2, 11, 2237
List the prime factors of 1357.
23, 59
List the prime factors of 52904.
2, 17, 389
List the prime factors of 770.
2, 5, 7, 11
List the prime factors of 90.
2, 3, 5
List the prime factors of 21422.
2, 10711
List the prime factors of 1206.
2, 3, 67
List the prime factors of 2947.
7, 421
List the prime factors of 135202.
2, 67601
What are the prime factors of 53403?
3, 7, 2543
List the prime factors of 647.
647
What are the prime factors of 26771?
19, 1409
What are the prime factors of 875?
5, 7
List the prime factors of 161931.
3, 7, 11, 701
What are the prime factors of 11786?
2, 71, 83
List the prime factors of 2704.
2, 13
What are the prime factors of 21608?
2, 37, 73
List the prime factors of 1158.
2, 3, 193
What are the prime factors of 2842?
2, 7, 29
List the prime factors of 929.
929
What are the prime factors of 1919?
19, 101
List the prime factors of 37549.
37549
List the prime factors of 23579.
17, 19, 73
What are the prime factors of 3291?
3, 1097
What are the prime factors of 18510?
2, 3, 5, 617
List the prime factors of 8084.
2, 43, 47
What are the prime factors of 400?
2, 5
What are the prime factors of 7984?
2, 499
What are the prime factors of 25957?
101, 257
List the prime factors of 2836.
2, 709
What are the prime factors of 37005?
3, 5, 2467
List the prime factors of 63910.
2, 5, 7, 11, 83
List the prime factors of 921.
3, 307
List the prime factors of 8689.
8689
List the prime factors of 11743.
11743
What are the prime factors of 795?
3, 5, 53
List the prime factors of 3183.
3, 1061
What are the prime factors of 24306?
2, 3, 4051
What are the prime factors of 38615?
5, 7723
List the prime factors of 8939.
7, 1277
What are the prime factors of 106680?
2, 3, 5, 7, 127
List the prime factors of 12102.
2, 3, 2017
List the prime factors of 121040.
2, 5, 17, 89
List the prime factors of 25883.
11, 13, 181
List the prime factors of 104710.
2, 5, 37, 283
What are the prime factors of 11135?
5, 17, 131
List the prime factors of 13556.
2, 3389
What are the prime factors of 11124?
2, 3, 103
List the prime factors of 21881.
21881
What are the prime factors of 902?
2, 11, 41
List the prime factors of 451.
11, 41
List the prime factors of 1151.
1151
What are the prime factors of 19924?
2, 17, 293
List the prime factors of 28916.
2, 7229
What are the prime factors of 12649?
7, 13, 139
List the prime factors of 41543.
41543
What are the prime factors of 2103?
3, 701
List the prime factors of 2079.
3, 7, 11
What are the prime factors of 8914?
2, 4457
List the prime factors of 9331.
7, 31, 43
What are the prime factors of 214?
2, 107
List the prime factors of 24638.
2, 97, 127
What are the prime factors of 1470?
2, 3, 5, 7
List the prime factors of 1285.
5, 257
What are the prime factors of 206?
2, 103
List the prime factors of 140250.
2, 3, 5, 11, 17
List the prime factors of 3081.
3, 13, 79
List the prime factors of 1452.
2, 3, 11
What are the prime factors of 1024?
2
List the prime factors of 42643.
42643
What are the prime factors of 1167?
3, 389
List the prime factors of 1946.
2, 7, 139
What are the prime factors of 4343?
43, 101
What are the prime factors of 5327?
7, 761
List the prime facto